the highest common divisor of 155 and 203453?
31
What is the greatest common factor of 33 and 1056099?
33
Calculate the greatest common factor of 650 and 29510.
130
What is the highest common divisor of 65 and 240279?
13
What is the highest common factor of 16614 and 72?
18
Calculate the greatest common factor of 11 and 74525.
11
What is the highest common divisor of 55476 and 268?
268
What is the highest common factor of 32 and 35248?
16
Calculate the greatest common factor of 885 and 1830.
15
Calculate the highest common factor of 144412 and 65808.
1828
What is the highest common factor of 312 and 3288?
24
Calculate the highest common factor of 59616 and 7176.
552
Calculate the greatest common divisor of 16982 and 91.
7
What is the highest common factor of 16 and 9612336?
16
Calculate the highest common divisor of 10110 and 765.
15
Calculate the highest common divisor of 7889 and 828.
23
What is the greatest common factor of 1706793 and 33?
33
Calculate the highest common divisor of 1862115 and 1290.
645
What is the highest common divisor of 16762 and 26588?
578
What is the highest common divisor of 945 and 169695?
135
What is the highest common divisor of 2484922 and 11?
11
What is the greatest common factor of 174416 and 22?
22
Calculate the greatest common factor of 1875 and 41625.
375
What is the greatest common divisor of 553 and 1848?
7
Calculate the greatest common factor of 2618755 and 2055.
685
What is the highest common factor of 1156 and 114733?
289
What is the greatest common divisor of 17 and 62254?
17
Calculate the highest common divisor of 1606 and 9877703.
803
What is the greatest common factor of 1107 and 82?
41
What is the greatest common factor of 106434 and 6966?
162
What is the greatest common factor of 256 and 18376?
8
What is the greatest common divisor of 643672 and 12688?
488
Calculate the greatest common factor of 394 and 61.
1
Calculate the greatest common divisor of 96 and 6372.
12
What is the greatest common factor of 82950 and 3500?
350
What is the highest common factor of 126 and 18963?
63
What is the highest common divisor of 95050 and 7075?
25
What is the greatest common divisor of 590 and 233522?
118
Calculate the highest common factor of 110 and 6685.
5
What is the highest common factor of 15122 and 8?
2
Calculate the highest common divisor of 210 and 3615.
15
What is the highest common divisor of 152 and 27504?
8
What is the greatest common divisor of 17445 and 150?
15
Calculate the greatest common divisor of 216 and 90360.
72
What is the greatest common divisor of 39 and 163839?
39
What is the greatest common factor of 9625 and 325?
25
What is the greatest common divisor of 630 and 5674095?
315
Calculate the highest common factor of 166213 and 1388.
347
What is the greatest common factor of 43008 and 42?
42
What is the greatest common divisor of 6160 and 42?
14
Calculate the highest common divisor of 2349 and 40977.
261
Calculate the highest common factor of 286 and 76054.
22
What is the highest common divisor of 304 and 126274?
38
Calculate the highest common factor of 1992 and 4622768.
664
Calculate the highest common factor of 536 and 1133707.
67
Calculate the greatest common factor of 1079 and 5785.
13
Calculate the highest common factor of 2752 and 3268.
172
What is the highest common factor of 232325 and 50?
25
Calculate the highest common factor of 1179617 and 97.
97
Calculate the greatest common divisor of 36 and 1133874.
18
Calculate the greatest common factor of 9657108 and 12.
12
Calculate the highest common divisor of 4060 and 2616380.
580
What is the highest common factor of 1007 and 170221?
19
Calculate the highest common factor of 66 and 3784.
22
Calculate the highest common factor of 42756 and 1512.
84
What is the highest common factor of 1974 and 2397?
141
Calculate the highest common factor of 52950 and 400.
50
What is the highest common factor of 1460 and 3140?
20
What is the highest common factor of 272 and 870706?
34
Calculate the highest common factor of 54244 and 1337.
191
Calculate the greatest common factor of 11467 and 22.
1
What is the highest common divisor of 1066 and 373633?
533
What is the greatest common divisor of 2815228 and 52?
52
Calculate the highest common factor of 6 and 37941.
3
What is the greatest common divisor of 14 and 123466?
14
Calculate the highest common divisor of 40 and 1337170.
10
Calculate the highest common factor of 327248 and 15368.
904
What is the greatest common divisor of 3706 and 62526?
34
Calculate the highest common divisor of 12580 and 140.
20
What is the highest common factor of 3081912 and 4?
4
What is the greatest common divisor of 6874 and 112?
14
What is the greatest common divisor of 159 and 88245?
159
What is the highest common factor of 79721 and 29?
29
Calculate the greatest common divisor of 561 and 9197.
17
What is the highest common divisor of 54 and 30906?
18
What is the highest common factor of 27944 and 64?
8
What is the greatest common factor of 1348 and 1074019?
337
Calculate the greatest common factor of 40391 and 221.
13
Calculate the highest common factor of 2 and 11314.
2
What is the greatest common factor of 52 and 1191164?
52
What is the greatest common factor of 40 and 715630?
10
Calculate the greatest common divisor of 4136 and 15322.
94
Calculate the highest common factor of 304 and 34181.
19
Calculate the greatest common factor of 2828 and 1083528.
404
Calculate the greatest common divisor of 13264 and 64.
16
Calculate the greatest common divisor of 19 and 827.
1
Calculate the greatest common factor of 51536 and 48.
16
Calculate the highest common divisor of 160561 and 307.
307
What is the greatest common factor of 153172 and 1788?
596
Calculate the greatest common divisor of 553231 and 238.
119
What is the greatest common divisor of 188089 and 44?
11
Calculate the greatest common divisor of 1419 and 12606.
33
Calculate the highest common factor of 10032 and 570.
114
What is the highest common factor of 1232 and 575372?
28
What is the highest common divisor of 645 and 215645?
215
Calculate the highest common divisor of 9345 and 31500.
105
What is the greatest common divisor of 40 and 264280?
40
Calculate the highest common divisor of 10 and 1476820.
10
What is the greatest common divisor of 187 and 38539?
17
What is the highest common divisor of 4757 and 6603?
71
Calculate the greatest common factor of 600 and 503520.
120
What is the highest common factor of 405 and 195060?
15
Calculate the highest common factor of 50 and 123610.
10
What is the greatest common divisor of 1655 and 43361?
331
Calculate the greatest common divisor of 635856 and 88.
8
What is the greatest common divisor of 16680424 and 8?
8
What is the greatest common factor of 294 and 9506?
98
What is the greatest common factor of 398071 and 31?
31
What is the highest common factor of 3103 and 3424?
107
What is the highest common divisor of 20909 and 58?
29
What is the greatest common divisor of 468 and 236439?
9
Calculate the highest common factor of 65191 and 268.
67
Calculate the greatest common divisor of 5565 and 5397.
21
Calculate the highest common factor of 26 and 15015962.
26
Calculate the highest common factor of 72829 and 268.
67
What is the greatest common factor of 471 and 35011?
157
Calculate the highest common divisor of 231 and 1631630.
77
What is the greatest common divisor of 572 and 787280?
52
Calculate the greatest common factor of 715 and 10065.
55
Calculate the greatest common factor of 513887 and 274.
137
What is the highest common factor of 18894 and 402?
402
Calculate the highest common divisor of 1869135 and 15.
15
What is the greatest common factor of 296 and 2968?
8
What is the highest common divisor of 935 and 1258?
17
Calculate the highest common divisor of 93942 and 1802.
34
Calculate the highest common divisor of 160 and 101300.
20
Calculate the greatest common divisor of 22247967 and 987.
987
What is the highest common factor of 68385 and 2328?
291
What is the highest common divisor of 2664 and 16983?
333
Calculate the greatest common factor of 5920 and 208.
16
Calculate the greatest common factor of 65 and 7677930.
65
Calculate the highest common divisor of 215 and 86.
43
Calculate the greatest common factor of 690